{"id":766,"date":"2018-04-16T11:14:04","date_gmt":"2018-04-16T09:14:04","guid":{"rendered":"https:\/\/tcrwharen.de\/?page_id=766"},"modified":"2022-11-05T17:14:24","modified_gmt":"2022-11-05T16:14:24","slug":"mitgliedschaft","status":"publish","type":"page","link":"https:\/\/tcrwharen.de\/index.php\/mitgliedschaft\/","title":{"rendered":"Mitgliedschaft"},"content":{"rendered":"<section class=\"l-section wpb_row height_medium\"><div class=\"l-section-h i-cf\"><div class=\"g-cols vc_row via_grid cols_2-1 laptops-cols_inherit tablets-cols_inherit mobiles-cols_1 valign_top type_default stacking_default\"><div class=\"wpb_column vc_column_container\"><div class=\"vc_column-inner\"><div class=\"wpb_text_column\"><div class=\"wpb_wrapper\"><h1>\u00a0 \u00a0 \u00a0 \u00a0 \u00a0<em>Mitgliedschaft<\/em><\/h1>\n<ul>\n<li><em>Auf unserer Anlage k\u00f6nnen Sie das Tennisspielen richtig erlernen, genauso geh\u00f6rt f\u00fcr uns aber auch das Treffen von netten Leuten und gemeinsames Feiern zu einem guten Vereinsleben. Die Vorteile einer Mitgliedschaft sind: <\/em><\/li>\n<li><em>Kostenlose Spielberechtigung auf den Au\u00dfenpl\u00e4tzen im Sommer<\/em><\/li>\n<li><em>Spielen ohne Voranmeldung bei freier Platzverf\u00fcgbarkeit <\/em><\/li>\n<li><em>Nutzung der gro\u00dfz\u00fcgigen Umkleiden und Duschen im Clubhaus<\/em><\/li>\n<li><em>Verg\u00fcnstigte Hallennutzung im Winter <\/em><\/li>\n<li><em>Teilnahmem\u00f6glichkeiten an Medenspielen und Vereinsmeisterschaften<\/em><\/li>\n<\/ul>\n<\/div><\/div><\/div><\/div><div class=\"wpb_column vc_column_container\"><div class=\"vc_column-inner\"><div class=\"w-btn-wrapper align_none\"><a class=\"w-btn us-btn-style_1\" target=\"_blank\" href=\"https:\/\/tcrwharen.de\/wp-content\/uploads\/2022\/11\/Aufnahmeantrag-mit-Datenschutzerklaerung-4.pdf\" rel=\"noopener\"><span class=\"w-btn-label\">Aufnahmeantrag Herunterladen<\/span><\/a><\/div><\/div><\/div><\/div><\/div><\/section>\n","protected":false},"excerpt":{"rendered":"","protected":false},"author":1,"featured_media":0,"parent":0,"menu_order":0,"comment_status":"closed","ping_status":"closed","template":"","meta":{"footnotes":""},"class_list":["post-766","page","type-page","status-publish","hentry"],"_links":{"self":[{"href":"https:\/\/tcrwharen.de\/index.php\/wp-json\/wp\/v2\/pages\/766","targetHints":{"allow":["GET"]}}],"collection":[{"href":"https:\/\/tcrwharen.de\/index.php\/wp-json\/wp\/v2\/pages"}],"about":[{"href":"https:\/\/tcrwharen.de\/index.php\/wp-json\/wp\/v2\/types\/page"}],"author":[{"embeddable":true,"href":"https:\/\/tcrwharen.de\/index.php\/wp-json\/wp\/v2\/users\/1"}],"replies":[{"embeddable":true,"href":"https:\/\/tcrwharen.de\/index.php\/wp-json\/wp\/v2\/comments?post=766"}],"version-history":[{"count":11,"href":"https:\/\/tcrwharen.de\/index.php\/wp-json\/wp\/v2\/pages\/766\/revisions"}],"predecessor-version":[{"id":2040,"href":"https:\/\/tcrwharen.de\/index.php\/wp-json\/wp\/v2\/pages\/766\/revisions\/2040"}],"wp:attachment":[{"href":"https:\/\/tcrwharen.de\/index.php\/wp-json\/wp\/v2\/media?parent=766"}],"curies":[{"name":"wp","href":"https:\/\/api.w.org\/{rel}","templated":true}]}}