{"id":695,"date":"2018-04-13T17:01:30","date_gmt":"2018-04-13T15:01:30","guid":{"rendered":"https:\/\/tcrwharen.de\/?page_id=695"},"modified":"2020-09-17T16:24:56","modified_gmt":"2020-09-17T14:24:56","slug":"der-verein","status":"publish","type":"page","link":"https:\/\/tcrwharen.de\/index.php\/der-verein\/","title":{"rendered":"Der Verein"},"content":{"rendered":"<section class=\"l-section wpb_row height_medium\"><div class=\"l-section-h i-cf\"><div class=\"g-cols vc_row via_grid cols_1 laptops-cols_inherit tablets-cols_inherit mobiles-cols_1 valign_top type_default stacking_default\"><div class=\"wpb_column vc_column_container\"><div class=\"vc_column-inner\"><div class=\"wpb_text_column\"><div class=\"wpb_wrapper\"><h2>Unser Tennisverein TC RW Haren feierte am 07. Juni 2014 sein 50 j\u00e4hriges Bestehen<\/h2>\n<p>Endlich war es so weit. Ein paar Tage zuvor hatten einige flei\u00dfige Vereinsmitglieder in der Halle f\u00fcr den Festakt einen Holzboden ausgelegt, Tische und B\u00e4nke aufgestellt und die Halle geschm\u00fcckt. F\u00fcr den Tag selber hatten Frauen Kaffee und und Kuchen gespendet.<\/p>\n<p>Ein Dank an dieser Stelle an Alle die f\u00fcr den reibungslosen Ablauf und die Bewirtschaftung gesorgt haben. Ohne die freiwillige Unterst\u00fctzung und Mitarbeit der Vereinsmitglieder ist solch eine Jubil\u00e4umsfeier nicht durchf\u00fchrbar.<\/p>\n<p>Mit einem Festakt am Vormittag wurden die Jubil\u00e4umsfeierlichkeiten eingeleitet. Zahlreiche Ehreng\u00e4ste und mehrere Gr\u00fcndungsmitglieder hatten sich auf dem Vereinsgel\u00e4nde eingefunden und wurden dort vom Vorsitzenden des\u00a0TC RW Haren, Bernd Weitzel, begr\u00fc\u00dft. Mit einer Multimedia-Projektion lie\u00dfen danach Werner P\u00f6ttker und Wilfried Menke die Geschichte ihres Vereins Revue passieren, die 1964 mit ersten Wettk\u00e4mpfen bei der alten Gastst\u00e4tte Knepper begonnen hat. P\u00f6ttker und Menke bezeichneten diesen Zeitraum bis 1976 als \u201eKnepper-Zeit\u201c.<\/p>\n<p>13 Liebhaber des Tennissportes hatten am 17. Januar 1964 beschlossen, ihr Hobby in einem Verein aus\u00fcben zu wollen. Das war die Geburtsstunde des TC RW Haren.<\/p>\n<p>Allerdings h\u00e4tten die sp\u00e4teren Gr\u00fcnder bereits ab 1951 \u00fcber einen \u201erichtigen Verein\u201c nachgedacht, erfuhren die G\u00e4ste des Festaktes, aber dann habe es doch noch zw\u00f6lf Jahre gebraucht, bis die Idee in die Tat umgesetzt werden konnte. Und so wurden aus der Mitte der Gr\u00fcndungsmitglieder Hans Wichers als Vorsitzender, Josef G\u00f6cking als dessen Stellvertreter, Gerhard Meyering als Sport- und Jugendwart, Helmut Steinborn als Schriftf\u00fchrer und Georg Wessels als Kassenwart in den Vorstand gew\u00e4hlt. Ein geeignetes Gel\u00e4nde f\u00fcr den Ausbau einer Tennisanlage fand man hinter der alten Gastst\u00e4tte Knepper am Haren-R\u00fctenbrock-Kanal.<\/p>\n<p>Im Zuge der damaligen Planung der Bundesstra\u00dfe 402 nahm der Vorstand des Klubs Verhandlungen mit der Stadt Haren \u00fcber einen neuen Standort im Bereich des Emsparks auf. Die neue Anlage konnte dann im Fr\u00fchjahr 1976 offiziell eingeweiht werden. Im August des Jahres wurde die Anlage komplett fertiggestellt und vom damaligen B\u00fcrgermeister der Stadt Haren, Walter Pinkernell, an den TC RW Haren \u00fcbergeben. Zum 20-j\u00e4hrigen Vereinsjubil\u00e4um fand der Spatenstich zur neuen Tennishalle auf dem Gel\u00e4nde am Emspark statt, die dann im Mai 1986 offiziell eingeweiht wurde.<\/p>\n<p>Die Moderatoren erinnerten w\u00e4hrend ihres R\u00fcckblickes auch an den Tennis- Boom in der zweiten H\u00e4lfte der 1980er-Jahre. Zu dieser Zeit sei die Mitgliederzahl \u201ef\u00f6rmlich explodiert\u201c, hie\u00df es, und man habe den 5. und 6. Tennisplatz auf dem Vereinsgel\u00e4nde errichtet.<\/p>\n<p>Heute k\u00fcmmere sich der Verein in vorbildlicher Weise um die F\u00f6rderung des Nachwuchses, dieses Lob gab es f\u00fcr die Mitglieder unisono von allen Festrednern. Harens B\u00fcrgermeister Markus Honnigfort bezeichnete den TC RW Haren als \u201efeste Gr\u00f6\u00dfe im Vereinsleben unserer Stadt\u201c. Der Klub sei ein gutes Vorbild f\u00fcr eine intakte Vereinsarbeit, f\u00fcr ein aktives Vereinsleben und f\u00fcr das ehrenamtliche Engagement in der Schifferstadt. \u201eEs ist beeindruckend zu sehen, wie viele Kinder und Jugendliche an diesem Verein gebunden werden k\u00f6nnen\u201c, lobte MdB Gitta Connemann. MdL Bernd-Carsten Hiebing \u00fcberbrachte die Gl\u00fcckw\u00fcnsche des Landkreises, und Willi Fenslage \u00fcberreichte dem Klubvorstand eine Gedenktafel des Kreissportbundes Emsland.<\/p>\n<p>Nach dem Festakt standen eine Demonstration des Jugendtrainings, das Helmut-Steinborn-Ged\u00e4chtnis-Turnier und verschiedene Tennis-Schaueinlagen auf dem umfangreichen Rahmenprogramm zur Jubil\u00e4umsfeier<\/p>\n<\/div><\/div><\/div><\/div><\/div><\/div><\/section>\n","protected":false},"excerpt":{"rendered":"","protected":false},"author":1,"featured_media":0,"parent":0,"menu_order":0,"comment_status":"closed","ping_status":"closed","template":"","meta":{"footnotes":""},"class_list":["post-695","page","type-page","status-publish","hentry"],"_links":{"self":[{"href":"https:\/\/tcrwharen.de\/index.php\/wp-json\/wp\/v2\/pages\/695","targetHints":{"allow":["GET"]}}],"collection":[{"href":"https:\/\/tcrwharen.de\/index.php\/wp-json\/wp\/v2\/pages"}],"about":[{"href":"https:\/\/tcrwharen.de\/index.php\/wp-json\/wp\/v2\/types\/page"}],"author":[{"embeddable":true,"href":"https:\/\/tcrwharen.de\/index.php\/wp-json\/wp\/v2\/users\/1"}],"replies":[{"embeddable":true,"href":"https:\/\/tcrwharen.de\/index.php\/wp-json\/wp\/v2\/comments?post=695"}],"version-history":[{"count":2,"href":"https:\/\/tcrwharen.de\/index.php\/wp-json\/wp\/v2\/pages\/695\/revisions"}],"predecessor-version":[{"id":1620,"href":"https:\/\/tcrwharen.de\/index.php\/wp-json\/wp\/v2\/pages\/695\/revisions\/1620"}],"wp:attachment":[{"href":"https:\/\/tcrwharen.de\/index.php\/wp-json\/wp\/v2\/media?parent=695"}],"curies":[{"name":"wp","href":"https:\/\/api.w.org\/{rel}","templated":true}]}}

<section class="l-section wpb_row height_medium"><div class="l-section-h i-cf"><div class="g-cols vc_row via_grid cols_1 laptops-cols_inherit tablets-cols_inherit mobiles-cols_1 valign_top type_default stacking_default"><div class="wpb_column vc_column_container"><div class="vc_column-inner"><div class="wpb_text_column"><div class="wpb_wrapper"><h2>Unser Tennisverein TC RW Haren feierte am 07. Juni 2014 sein 50 jähriges Bestehen</h2>
<p>Endlich war es so weit. Ein paar Tage zuvor hatten einige fleißige Vereinsmitglieder in der Halle für den Festakt einen Holzboden ausgelegt, Tische und Bänke aufgestellt und die Halle geschmückt. Für den Tag selber hatten Frauen Kaffee und und Kuchen gespendet.</p>
<p>Ein Dank an dieser Stelle an Alle die für den reibungslosen Ablauf und die Bewirtschaftung gesorgt haben. Ohne die freiwillige Unterstützung und Mitarbeit der Vereinsmitglieder ist solch eine Jubiläumsfeier nicht durchführbar.</p>
<p>Mit einem Festakt am Vormittag wurden die Jubiläumsfeierlichkeiten eingeleitet. Zahlreiche Ehrengäste und mehrere Gründungsmitglieder hatten sich auf dem Vereinsgelände eingefunden und wurden dort vom Vorsitzenden des TC RW Haren, Bernd Weitzel, begrüßt. Mit einer Multimedia-Projektion ließen danach Werner Pöttker und Wilfried Menke die Geschichte ihres Vereins Revue passieren, die 1964 mit ersten Wettkämpfen bei der alten Gaststätte Knepper begonnen hat. Pöttker und Menke bezeichneten diesen Zeitraum bis 1976 als „Knepper-Zeit“.</p>
<p>13 Liebhaber des Tennissportes hatten am 17. Januar 1964 beschlossen, ihr Hobby in einem Verein ausüben zu wollen. Das war die Geburtsstunde des TC RW Haren.</p>
<p>Allerdings hätten die späteren Gründer bereits ab 1951 über einen „richtigen Verein“ nachgedacht, erfuhren die Gäste des Festaktes, aber dann habe es doch noch zwölf Jahre gebraucht, bis die Idee in die Tat umgesetzt werden konnte. Und so wurden aus der Mitte der Gründungsmitglieder Hans Wichers als Vorsitzender, Josef Göcking als dessen Stellvertreter, Gerhard Meyering als Sport- und Jugendwart, Helmut Steinborn als Schriftführer und Georg Wessels als Kassenwart in den Vorstand gewählt. Ein geeignetes Gelände für den Ausbau einer Tennisanlage fand man hinter der alten Gaststätte Knepper am Haren-Rütenbrock-Kanal.</p>
<p>Im Zuge der damaligen Planung der Bundesstraße 402 nahm der Vorstand des Klubs Verhandlungen mit der Stadt Haren über einen neuen Standort im Bereich des Emsparks auf. Die neue Anlage konnte dann im Frühjahr 1976 offiziell eingeweiht werden. Im August des Jahres wurde die Anlage komplett fertiggestellt und vom damaligen Bürgermeister der Stadt Haren, Walter Pinkernell, an den TC RW Haren übergeben. Zum 20-jährigen Vereinsjubiläum fand der Spatenstich zur neuen Tennishalle auf dem Gelände am Emspark statt, die dann im Mai 1986 offiziell eingeweiht wurde.</p>
<p>Die Moderatoren erinnerten während ihres Rückblickes auch an den Tennis- Boom in der zweiten Hälfte der 1980er-Jahre. Zu dieser Zeit sei die Mitgliederzahl „förmlich explodiert“, hieß es, und man habe den 5. und 6. Tennisplatz auf dem Vereinsgelände errichtet.</p>
<p>Heute kümmere sich der Verein in vorbildlicher Weise um die Förderung des Nachwuchses, dieses Lob gab es für die Mitglieder unisono von allen Festrednern. Harens Bürgermeister Markus Honnigfort bezeichnete den TC RW Haren als „feste Größe im Vereinsleben unserer Stadt“. Der Klub sei ein gutes Vorbild für eine intakte Vereinsarbeit, für ein aktives Vereinsleben und für das ehrenamtliche Engagement in der Schifferstadt. „Es ist beeindruckend zu sehen, wie viele Kinder und Jugendliche an diesem Verein gebunden werden können“, lobte MdB Gitta Connemann. MdL Bernd-Carsten Hiebing überbrachte die Glückwünsche des Landkreises, und Willi Fenslage überreichte dem Klubvorstand eine Gedenktafel des Kreissportbundes Emsland.</p>
<p>Nach dem Festakt standen eine Demonstration des Jugendtrainings, das Helmut-Steinborn-Gedächtnis-Turnier und verschiedene Tennis-Schaueinlagen auf dem umfangreichen Rahmenprogramm zur Jubiläumsfeier</p>
</div></div></div></div></div></div></section>
